 144 and 13216?
16
What is the greatest common divisor of 125156 and 536?
268
What is the highest common divisor of 70749 and 21?
21
Calculate the greatest common factor of 1417 and 1391.
13
What is the greatest common factor of 18480 and 3780?
420
What is the highest common divisor of 43110 and 270?
90
What is the highest common factor of 303 and 379356?
303
What is the highest common divisor of 156 and 245652?
12
What is the greatest common divisor of 36889 and 2627?
37
Calculate the greatest common divisor of 3 and 822639.
3
Calculate the highest common divisor of 78 and 16549.
13
What is the greatest common divisor of 90 and 150?
30
What is the highest common divisor of 102 and 53?
1
What is the greatest common factor of 144390 and 555?
15
Calculate the greatest common divisor of 23 and 6640422.
23
What is the highest common divisor of 360155 and 15?
5
Calculate the greatest common divisor of 59115 and 375.
15
Calculate the highest common divisor of 882 and 31458.
294
What is the greatest common factor of 44239 and 4797?
533
Calculate the highest common divisor of 37024 and 65.
13
What is the highest common factor of 303 and 548733?
303
Calculate the highest common factor of 18721 and 291.
97
Calculate the greatest common divisor of 95438 and 518.
14
What is the greatest common factor of 15 and 79410?
15
What is the highest common factor of 54400 and 1054?
34
Calculate the highest common divisor of 585 and 22165.
65
Calculate the highest common divisor of 864 and 86604.
12
What is the greatest common divisor of 3 and 128127?
3
What is the highest common divisor of 84 and 212674?
14
What is the greatest common factor of 24 and 125516?
4
Calculate the highest common divisor of 893 and 19693.
47
Calculate the greatest common divisor of 22218 and 11178.
138
Calculate the highest common factor of 53931 and 3.
3
What is the highest common factor of 994449 and 93?
93
Calculate the highest common factor of 1007 and 10123.
53
Calculate the greatest common factor of 62975 and 14850.
275
Calculate the highest common factor of 2076 and 1020354.
1038
Calculate the greatest common divisor of 14886 and 5706.
18
What is the greatest common divisor of 11797 and 1255?
251
What is the greatest common factor of 88577 and 505?
101
What is the highest common divisor of 67662 and 3?
3
Calculate the highest common factor of 951345 and 145.
145
Calculate the greatest common factor of 19043 and 8768.
137
What is the greatest common divisor of 1945 and 490?
5
Calculate the highest common divisor of 40 and 1075740.
20
What is the greatest common factor of 261457 and 10021?
911
Calculate the highest common factor of 17 and 479.
1
What is the greatest common divisor of 17 and 20162?
17
Calculate the greatest common factor of 6 and 2115.
3
Calculate the greatest common divisor of 6251 and 13851.
19
Calculate the highest common divisor of 672256 and 3939.
1313
What is the greatest common divisor of 534449 and 2433?
811
Calculate the highest common divisor of 181680 and 420.
60
Calculate the highest common divisor of 52695 and 405.
45
What is the greatest common divisor of 11442 and 12?
6
Calculate the greatest common divisor of 18 and 72009.
9
What is the greatest common divisor of 14445 and 989964?
963
Calculate the greatest common divisor of 324 and 445743.
81
Calculate the greatest common divisor of 78 and 101283.
39
Calculate the greatest common divisor of 2072 and 23338.
14
Calculate the greatest common divisor of 19420 and 35.
5
What is the highest common divisor of 480 and 4704?
96
Calculate the greatest common divisor of 1962 and 66817.
109
Calculate the highest common divisor of 28126 and 22878.
82
What is the highest common divisor of 174536 and 8?
8
Calculate the greatest common divisor of 32510 and 2480.
10
What is the greatest common divisor of 2593706 and 263?
263
What is the greatest common divisor of 31786 and 2668?
46
What is the greatest common divisor of 45 and 1185?
15
Calculate the highest common divisor of 5792 and 35424.
32
Calculate the highest common factor of 21 and 1613409.
21
Calculate the highest common factor of 423 and 272214.
9
Calculate the highest common factor of 301 and 443975.
301
Calculate the highest common divisor of 340 and 304232.
68
What is the greatest common divisor of 58293 and 102?
51
What is the highest common factor of 278305 and 5?
5
Calculate the greatest common divisor of 25 and 134475.
25
Calculate the highest common factor of 191620 and 6292.
572
What is the highest common divisor of 20217 and 3473?
23
What is the highest common factor of 19812 and 30226?
254
What is the highest common divisor of 338 and 11882?
26
What is the highest common factor of 2000 and 55950?
50
What is the highest common factor of 192 and 46688?
32
Calculate the greatest common divisor of 1526 and 28.
14
Calculate the highest common divisor of 29323 and 3717.
413
What is the highest common divisor of 13268 and 35524?
428
Calculate the highest common factor of 994712 and 16.
8
What is the greatest common factor of 2919282 and 492?
246
What is the highest common factor of 10349 and 79?
79
Calculate the greatest common factor of 1106 and 10768016.
1106
Calculate the highest common factor of 1232 and 358246.
14
What is the highest common divisor of 84828 and 12?
12
What is the greatest common factor of 10058 and 9682?
94
Calculate the highest common divisor of 567 and 14595.
21
Calculate the highest common divisor of 28957 and 138.
23
What is the greatest common factor of 70773 and 1023?
93
Calculate the highest common factor of 23936 and 616.
88
What is the highest common factor of 110 and 274420?
10
What is the greatest common divisor of 252 and 268296?
84
Calculate the highest common factor of 9525 and 555.
15
What is the highest common divisor of 1500 and 50448?
12
What is the greatest common divisor of 61064 and 464?
8
What is the greatest common factor of 8 and 6198?
2
Calculate the highest common factor of 1191993 and 66.
33
What is the greatest common divisor of 21924 and 26332?
116
Calculate the highest common divisor of 294 and 15309.
21
Calculate the highest common divisor of 4563 and 3627.
117
What is the highest common factor of 2357023 and 417?
139
What is the greatest common factor of 20496 and 22692?
732
Calculate the greatest common factor of 42 and 10310.
2
What is the greatest common factor of 15 and 232965?
15
What is the highest common divisor of 1482213 and 51?
51
What is the highest common factor of 5334 and 969264?
762
Calculate the greatest common factor of 121 and 11792.
11
What is the greatest common factor of 262251 and 99?
99
Calculate the greatest common factor of 1 and 1161064.
1
What is the highest common divisor of 274176 and 126?
126
What is the greatest common factor of 8142 and 380550?
354
What is the greatest common divisor of 191438 and 4378?
398
What is the highest common factor of 4928 and 4048?
176
What is the greatest common divisor of 749480 and 80?
40
Calculate the greatest common divisor of 798 and 15086.
38
Calculate the greatest common factor of 77 and 2603447.
77
What is the greatest common divisor of 2 and 12014?
2
Calculate the highest common factor of 8085 and 330.
165
What is the greatest common factor of 10100 and 86456?
404
What is the greatest common factor of 1450 and 2378?
58
What is the highest common factor of 140 and 181825?
35
What is the greatest common divisor of 33229 and 552167?
707
What is the greatest common divisor of 2800 and 62832?
112
Calculate the highest common divisor of 35 and 3105.
5
Calculate the highest common divisor of 253 and 4761.
23
What is the highest common divisor of 1152 and 55992?
24
What is the greatest common factor of 92 and 43286?
46
Calculate the greatest common factor of 8754 and 942.
6
Calculate the greatest common factor of 306 and 2293776.
306
What is the greatest common factor of 12443 and 23?
23
Calculate the highest common factor of 2604 and 14973.
651
Calculate the highest common divisor of 3807 and 6580.
47
What is the greatest common divisor of 1611 and 12172?
179
Calculate the highest common divisor of 1564 and 114988.
68
Calculate the greatest common divisor of 37521 and 135.
9
Calculate the highest common factor of 20100 and 930.
30
What 